{"id":794,"date":"2016-11-05T01:32:01","date_gmt":"2016-11-05T01:32:01","guid":{"rendered":"http:\/\/www.60plusriggisberg.ch\/?page_id=794"},"modified":"2025-09-29T15:08:15","modified_gmt":"2025-09-29T15:08:15","slug":"generationenprojekte01","status":"publish","type":"page","link":"https:\/\/www.60plusriggisberg.ch\/?page_id=794","title":{"rendered":"Nachbarschaftshilfe"},"content":{"rendered":"<div  class='avia-slideshow av-1pmhky-6514f3beec2858961c05f6392b384c20 avia-slideshow-featured av_slideshow avia-fade-slider  avia-builder-el-0  el_before_av_one_full  avia-builder-el-first  av-slideshow-ui av-control-hidden av-no-slider-navigation av-hide-nav-arrows av-slideshow-autoplay av-loop-endless av-loop-manual-endless av-default-height-applied avia-slideshow-1' data-slideshow-options=\"{&quot;animation&quot;:&quot;fade&quot;,&quot;autoplay&quot;:true,&quot;loop_autoplay&quot;:&quot;endless&quot;,&quot;interval&quot;:5,&quot;loop_manual&quot;:&quot;manual-endless&quot;,&quot;autoplay_stopper&quot;:false,&quot;noNavigation&quot;:true,&quot;bg_slider&quot;:false,&quot;keep_padding&quot;:false,&quot;hoverpause&quot;:false,&quot;show_slide_delay&quot;:0}\"  itemprop=\"image\" itemscope=\"itemscope\" itemtype=\"https:\/\/schema.org\/ImageObject\" ><ul class='avia-slideshow-inner ' style='padding-bottom: 28.666666666667%;'><li  class='avia-slideshow-slide av-1pmhky-6514f3beec2858961c05f6392b384c20__0  slide-1 slide-odd'><div data-rel='slideshow-1' class='avia-slide-wrap '   ><img decoding=\"async\" fetchpriority=\"high\" class=\"wp-image-2509 avia-img-lazy-loading-not-2509\"  src=\"https:\/\/www.60plusriggisberg.ch\/wp-content\/uploads\/2016\/11\/IMG_1535-2-1500x430.jpg\" width=\"1500\" height=\"430\" title='Laubrechen' alt=''  itemprop=\"thumbnailUrl\"   \/><\/div><\/li><li  class='avia-slideshow-slide av-1pmhky-6514f3beec2858961c05f6392b384c20__1  slide-2 slide-even'><div data-rel='slideshow-1' class='avia-slide-wrap '   ><img decoding=\"async\" fetchpriority=\"high\" class=\"wp-image-2476 avia-img-lazy-loading-not-2476\"  src=\"https:\/\/www.60plusriggisberg.ch\/wp-content\/uploads\/2015\/10\/Nachbarschaftshilfe-1500x430.jpg\" width=\"1500\" height=\"430\" title='zwei fr\u00f6hliche G\u00e4rtner' alt=''  itemprop=\"thumbnailUrl\"   \/><\/div><\/li><li  class='avia-slideshow-slide av-1pmhky-6514f3beec2858961c05f6392b384c20__2  slide-3 slide-odd'><div data-rel='slideshow-1' class='avia-slide-wrap '   ><img decoding=\"async\" fetchpriority=\"high\" class=\"wp-image-2982 avia-img-lazy-loading-not-2982\"  src=\"https:\/\/www.60plusriggisberg.ch\/wp-content\/uploads\/2016\/11\/Neue-Medien-1500x430.jpg\" width=\"1500\" height=\"430\" title='Seniorin und Jugendliche am PC' alt=''  itemprop=\"thumbnailUrl\"   \/><\/div><\/li><\/ul><div class='avia-slideshow-arrows avia-slideshow-controls' ><a href='#prev' class='prev-slide ' aria-hidden='true' data-av_icon='\ue87c' data-av_iconfont='entypo-fontello'  tabindex='-1'>Zur\u00fcck<\/a><a href='#next' class='next-slide ' aria-hidden='true' data-av_icon='\ue87d' data-av_iconfont='entypo-fontello'  tabindex='-1'>Weiter<\/a><\/div><\/div>\n\n<style type=\"text\/css\" data-created_by=\"avia_inline_auto\" id=\"style-css-av-11qrqi-1c8a3750f79772187fb631bb81755e6e\">\n#top .flex_column.av-11qrqi-1c8a3750f79772187fb631bb81755e6e{\nmargin-top:0px;\nmargin-bottom:0px;\n}\n.flex_column.av-11qrqi-1c8a3750f79772187fb631bb81755e6e{\nborder-radius:0px 0px 0px 0px;\npadding:0px 0px 0px 0px;\n}\n.responsive #top #wrap_all .flex_column.av-11qrqi-1c8a3750f79772187fb631bb81755e6e{\nmargin-top:0px;\nmargin-bottom:0px;\n}\n<\/style>\n<div  class='flex_column av-11qrqi-1c8a3750f79772187fb631bb81755e6e av_one_full  avia-builder-el-1  el_after_av_slideshow  el_before_av_one_full  first flex_column_div av-animated-generic bottom-to-top av-zero-column-padding  '     ><p>\n<style type=\"text\/css\" data-created_by=\"avia_inline_auto\" id=\"style-css-av-xa5bu-8474de275dc25c6818049b8a457ea06c\">\n#top .av-special-heading.av-xa5bu-8474de275dc25c6818049b8a457ea06c{\npadding-bottom:0;\n}\nbody .av-special-heading.av-xa5bu-8474de275dc25c6818049b8a457ea06c .av-special-heading-tag .heading-char{\nfont-size:25px;\n}\n.av-special-heading.av-xa5bu-8474de275dc25c6818049b8a457ea06c .av-subheading{\nfont-size:15px;\n}\n<\/style>\n<div  class='av-special-heading av-xa5bu-8474de275dc25c6818049b8a457ea06c av-special-heading-h2 blockquote modern-quote  avia-builder-el-2  el_before_av_hr  avia-builder-el-first '><h2 class='av-special-heading-tag '  itemprop=\"headline\"  >Nachbarschaftshilfe<\/h2><div class=\"special-heading-border\"><div class=\"special-heading-inner-border\"><\/div><\/div><\/div><br \/>\n\n<style type=\"text\/css\" data-created_by=\"avia_inline_auto\" id=\"style-css-av-r2jy2-8f90724aa806d8c2248f0b5d313216b7\">\n#top .hr.av-r2jy2-8f90724aa806d8c2248f0b5d313216b7{\nmargin-top:10px;\nmargin-bottom:10px;\n}\n.hr.av-r2jy2-8f90724aa806d8c2248f0b5d313216b7 .hr-inner{\nwidth:50px;\nborder-color:#2b0b28;\n}\n<\/style>\n<div  class='hr av-r2jy2-8f90724aa806d8c2248f0b5d313216b7 hr-custom  avia-builder-el-3  el_after_av_heading  avia-builder-el-last  hr-left hr-icon-no'><span class='hr-inner inner-border-av-border-fat'><span class=\"hr-inner-style\"><\/span><\/span><\/div><\/p><\/div>\n\n<style type=\"text\/css\" data-created_by=\"avia_inline_auto\" id=\"style-css-av-jw3xm-640d7792730fb22029cfe9bd48941515\">\n#top .flex_column.av-jw3xm-640d7792730fb22029cfe9bd48941515{\nmargin-top:0px;\nmargin-bottom:0px;\n}\n.flex_column.av-jw3xm-640d7792730fb22029cfe9bd48941515{\nborder-radius:0px 0px 0px 0px;\npadding:0px 0px 0px 0px;\n}\n.responsive #top #wrap_all .flex_column.av-jw3xm-640d7792730fb22029cfe9bd48941515{\nmargin-top:0px;\nmargin-bottom:0px;\n}\n<\/style>\n<div  class='flex_column av-jw3xm-640d7792730fb22029cfe9bd48941515 av_one_full  avia-builder-el-4  el_after_av_one_full  el_before_av_one_full  first flex_column_div av-zero-column-padding  column-top-margin'     ><section  class='av_textblock_section av-gul16-095e794dd483c585692be4a1303855b2 '   itemscope=\"itemscope\" itemtype=\"https:\/\/schema.org\/CreativeWork\" ><div class='avia_textblock'  itemprop=\"text\" ><p><span style=\"color: rgba(51, 51, 51, 1); font-size: 14pt;\">Nachbarschaftshilfe bezeichnet eine gegenseitige, unter Nachbarn gew\u00e4hrte Form der Hilfe und Unterst\u00fctzung, bei der zumeist auf ein Entgelt in Form einer Geldzahlung verzichtet und stattdessen Gegenleistungen in \u00e4hnlicher Form erbracht werden.<\/span><\/p>\n<p><span style=\"color: rgba(51, 51, 51, 1); font-size: 14pt;\">Quelle: de.wikipedia.org<\/span><\/p>\n<h1><\/h1>\n<\/div><\/section><\/div>\n<style type=\"text\/css\" data-created_by=\"avia_inline_auto\" id=\"style-css-av-6plde-14a42547cd23fc7ae43338c7e0de3a06\">\n.flex_column.av-6plde-14a42547cd23fc7ae43338c7e0de3a06{\nborder-radius:0px 0px 0px 0px;\npadding:0px 0px 0px 0px;\n}\n<\/style>\n<div  class='flex_column av-6plde-14a42547cd23fc7ae43338c7e0de3a06 av_one_full  avia-builder-el-6  el_after_av_one_full  avia-builder-el-last  first flex_column_div av-animated-generic bottom-to-top av-zero-column-padding  column-top-margin'     ><\/div><\/p>\n","protected":false},"excerpt":{"rendered":"","protected":false},"author":1,"featured_media":0,"parent":790,"menu_order":0,"comment_status":"closed","ping_status":"closed","template":"","meta":{"footnotes":""},"class_list":["post-794","page","type-page","status-publish","hentry"],"aioseo_notices":[],"_links":{"self":[{"href":"https:\/\/www.60plusriggisberg.ch\/index.php?rest_route=\/wp\/v2\/pages\/794","targetHints":{"allow":["GET"]}}],"collection":[{"href":"https:\/\/www.60plusriggisberg.ch\/index.php?rest_route=\/wp\/v2\/pages"}],"about":[{"href":"https:\/\/www.60plusriggisberg.ch\/index.php?rest_route=\/wp\/v2\/types\/page"}],"author":[{"embeddable":true,"href":"https:\/\/www.60plusriggisberg.ch\/index.php?rest_route=\/wp\/v2\/users\/1"}],"replies":[{"embeddable":true,"href":"https:\/\/www.60plusriggisberg.ch\/index.php?rest_route=%2Fwp%2Fv2%2Fcomments&post=794"}],"version-history":[{"count":38,"href":"https:\/\/www.60plusriggisberg.ch\/index.php?rest_route=\/wp\/v2\/pages\/794\/revisions"}],"predecessor-version":[{"id":7646,"href":"https:\/\/www.60plusriggisberg.ch\/index.php?rest_route=\/wp\/v2\/pages\/794\/revisions\/7646"}],"up":[{"embeddable":true,"href":"https:\/\/www.60plusriggisberg.ch\/index.php?rest_route=\/wp\/v2\/pages\/790"}],"wp:attachment":[{"href":"https:\/\/www.60plusriggisberg.ch\/index.php?rest_route=%2Fwp%2Fv2%2Fmedia&parent=794"}],"curies":[{"name":"wp","href":"https:\/\/api.w.org\/{rel}","templated":true}]}}