{"id":333,"date":"2016-09-28T11:23:53","date_gmt":"2016-09-28T11:23:53","guid":{"rendered":"http:\/\/www.60plusriggisberg.ch\/?page_id=333"},"modified":"2025-05-22T13:12:58","modified_gmt":"2025-05-22T13:12:58","slug":"datenschutz","status":"publish","type":"page","link":"https:\/\/www.60plusriggisberg.ch\/?page_id=333","title":{"rendered":"Datenschutz"},"content":{"rendered":"<div id='full_slider_1'  class='avia-fullwidth-slider main_color avia-shadow   avia-builder-el-0  el_before_av_section  avia-builder-el-first   container_wrap sidebar_right'  ><div  class='avia-slideshow av-1e6539-cd839dd9a036ab543696f17b4aaf5812 avia-slideshow-featured_large av_slideshow_full avia-fade-slider av-slideshow-ui av-control-default av-slideshow-autoplay av-loop-endless av-loop-manual-endless av-default-height-applied   avia-slideshow-1' data-slideshow-options=\"{&quot;animation&quot;:&quot;fade&quot;,&quot;autoplay&quot;:true,&quot;loop_autoplay&quot;:&quot;endless&quot;,&quot;interval&quot;:5,&quot;loop_manual&quot;:&quot;manual-endless&quot;,&quot;autoplay_stopper&quot;:false,&quot;noNavigation&quot;:false,&quot;bg_slider&quot;:false,&quot;keep_padding&quot;:false,&quot;hoverpause&quot;:false,&quot;show_slide_delay&quot;:0}\"  itemprop=\"image\" itemscope=\"itemscope\" itemtype=\"https:\/\/schema.org\/ImageObject\" ><ul class='avia-slideshow-inner ' style='padding-bottom: 24%;'><li  class='avia-slideshow-slide av-1e6539-cd839dd9a036ab543696f17b4aaf5812__0  slide-1 slide-odd'><div data-rel='slideshow-1' class='avia-slide-wrap '   ><img decoding=\"async\" fetchpriority=\"high\" class=\"wp-image-54 avia-img-lazy-loading-not-54\"  src=\"https:\/\/www.60plusriggisberg.ch\/wp-content\/uploads\/2016\/09\/sr_slider_wandern07_1250.jpg\" width=\"1250\" height=\"300\" title='Fr\u00fchling in der Region Riggisberg' alt=''  itemprop=\"thumbnailUrl\" srcset=\"https:\/\/www.60plusriggisberg.ch\/wp-content\/uploads\/2016\/09\/sr_slider_wandern07_1250.jpg 1250w, https:\/\/www.60plusriggisberg.ch\/wp-content\/uploads\/2016\/09\/sr_slider_wandern07_1250-300x72.jpg 300w, https:\/\/www.60plusriggisberg.ch\/wp-content\/uploads\/2016\/09\/sr_slider_wandern07_1250-768x184.jpg 768w, https:\/\/www.60plusriggisberg.ch\/wp-content\/uploads\/2016\/09\/sr_slider_wandern07_1250-1024x246.jpg 1024w, https:\/\/www.60plusriggisberg.ch\/wp-content\/uploads\/2016\/09\/sr_slider_wandern07_1250-1200x288.jpg 1200w\" sizes=\"(max-width: 1250px) 100vw, 1250px\" \/><\/div><\/li><li  class='avia-slideshow-slide av-1e6539-cd839dd9a036ab543696f17b4aaf5812__1  slide-2 slide-even'><div data-rel='slideshow-1' class='avia-slide-wrap '   ><img decoding=\"async\" fetchpriority=\"high\" class=\"wp-image-51 avia-img-lazy-loading-not-51\"  src=\"https:\/\/www.60plusriggisberg.ch\/wp-content\/uploads\/2016\/09\/sr_slider_wandern04_1250.jpg\" width=\"1250\" height=\"300\" title='Blick auf Thunersee mit Eiger, M\u00f6nch und Jungfrau' alt=''  itemprop=\"thumbnailUrl\" srcset=\"https:\/\/www.60plusriggisberg.ch\/wp-content\/uploads\/2016\/09\/sr_slider_wandern04_1250.jpg 1250w, https:\/\/www.60plusriggisberg.ch\/wp-content\/uploads\/2016\/09\/sr_slider_wandern04_1250-300x72.jpg 300w, https:\/\/www.60plusriggisberg.ch\/wp-content\/uploads\/2016\/09\/sr_slider_wandern04_1250-768x184.jpg 768w, https:\/\/www.60plusriggisberg.ch\/wp-content\/uploads\/2016\/09\/sr_slider_wandern04_1250-1024x246.jpg 1024w, https:\/\/www.60plusriggisberg.ch\/wp-content\/uploads\/2016\/09\/sr_slider_wandern04_1250-1200x288.jpg 1200w\" sizes=\"(max-width: 1250px) 100vw, 1250px\" \/><\/div><\/li><li  class='avia-slideshow-slide av-1e6539-cd839dd9a036ab543696f17b4aaf5812__2  slide-3 slide-odd'><div data-rel='slideshow-1' class='avia-slide-wrap '   ><img decoding=\"async\" fetchpriority=\"high\" class=\"wp-image-1905 avia-img-lazy-loading-not-1905\"  src=\"https:\/\/www.60plusriggisberg.ch\/wp-content\/uploads\/2017\/01\/sr_nachbar_01.jpg\" width=\"1250\" height=\"300\" title='Oberer Stutz, Riggisberg' alt=''  itemprop=\"thumbnailUrl\" srcset=\"https:\/\/www.60plusriggisberg.ch\/wp-content\/uploads\/2017\/01\/sr_nachbar_01.jpg 1250w, https:\/\/www.60plusriggisberg.ch\/wp-content\/uploads\/2017\/01\/sr_nachbar_01-300x72.jpg 300w, https:\/\/www.60plusriggisberg.ch\/wp-content\/uploads\/2017\/01\/sr_nachbar_01-768x184.jpg 768w, https:\/\/www.60plusriggisberg.ch\/wp-content\/uploads\/2017\/01\/sr_nachbar_01-1030x247.jpg 1030w, https:\/\/www.60plusriggisberg.ch\/wp-content\/uploads\/2017\/01\/sr_nachbar_01-705x169.jpg 705w, https:\/\/www.60plusriggisberg.ch\/wp-content\/uploads\/2017\/01\/sr_nachbar_01-450x108.jpg 450w\" sizes=\"(max-width: 1250px) 100vw, 1250px\" \/><\/div><\/li><\/ul><div class='avia-slideshow-arrows avia-slideshow-controls' ><a href='#prev' class='prev-slide ' aria-hidden='true' data-av_icon='\ue87c' data-av_iconfont='entypo-fontello'  tabindex='-1'>Zur\u00fcck<\/a><a href='#next' class='next-slide ' aria-hidden='true' data-av_icon='\ue87d' data-av_iconfont='entypo-fontello'  tabindex='-1'>Weiter<\/a><\/div><div class='avia-slideshow-dots avia-slideshow-controls'><a href='#1' class='goto-slide active' >1<\/a><a href='#2' class='goto-slide ' >2<\/a><a href='#3' class='goto-slide ' >3<\/a><\/div><\/div><\/div>\n<div id='av_section_1'  class='avia-section av-s1iul-964d972b27b82cea554dd321b7031722 main_color avia-section-large avia-no-border-styling  avia-builder-el-1  el_after_av_slideshow_full  avia-builder-el-last  avia-bg-style-scroll container_wrap sidebar_right'  ><div class='container av-section-cont-open' ><div class='template-page content  av-content-small alpha units'><div class='post-entry post-entry-type-page post-entry-333'><div class='entry-content-wrapper clearfix'>\n\n<style type=\"text\/css\" data-created_by=\"avia_inline_auto\" id=\"style-css-av-may4d-1d29ced117c83c60a81d5d6dbf006bb5\">\n#top .av-special-heading.av-may4d-1d29ced117c83c60a81d5d6dbf006bb5{\npadding-bottom:0;\n}\nbody .av-special-heading.av-may4d-1d29ced117c83c60a81d5d6dbf006bb5 .av-special-heading-tag .heading-char{\nfont-size:25px;\n}\n.av-special-heading.av-may4d-1d29ced117c83c60a81d5d6dbf006bb5 .av-subheading{\nfont-size:15px;\n}\n<\/style>\n<div  class='av-special-heading av-may4d-1d29ced117c83c60a81d5d6dbf006bb5 av-special-heading-h2 blockquote modern-quote modern-centered  avia-builder-el-2  el_before_av_hr  avia-builder-el-first '><h2 class='av-special-heading-tag '  itemprop=\"headline\"  >Datenschutzerkl\u00e4rung<\/h2><div class=\"special-heading-border\"><div class=\"special-heading-inner-border\"><\/div><\/div><\/div>\n\n<style type=\"text\/css\" data-created_by=\"avia_inline_auto\" id=\"style-css-av-hepzh-b006d0bd99ed928fc453e020db67d26a\">\n#top .hr.av-hepzh-b006d0bd99ed928fc453e020db67d26a{\nmargin-top:30px;\nmargin-bottom:30px;\n}\n.hr.av-hepzh-b006d0bd99ed928fc453e020db67d26a .hr-inner{\nwidth:50px;\n}\n<\/style>\n<div  class='hr av-hepzh-b006d0bd99ed928fc453e020db67d26a hr-custom  avia-builder-el-3  el_after_av_heading  el_before_av_textblock  hr-center hr-icon-no'><span class='hr-inner inner-border-av-border-none'><span class=\"hr-inner-style\"><\/span><\/span><\/div>\n<section  class='av_textblock_section av-bojx1-f9398c6c025eabd909acdcc1000b8074 '   itemscope=\"itemscope\" itemtype=\"https:\/\/schema.org\/CreativeWork\" ><div class='avia_textblock'  itemprop=\"text\" ><div class=\"post-content\">\n<p><strong>60plusriggisberg.ch<\/strong> ist ein <strong>Angebot in der Schweiz<\/strong>. Mit dieser Datenschutzerkl\u00e4rung informieren wir \u00fcber die Bearbeitung von Personendaten im Zusammenhang mit unserem Angebot.<\/p>\n<p>Unser Angebot unterliegt dem schweizerischen Datenschutzrecht. Wir bearbeiten Personendaten im Einklang mit dem schweizerischen Datenschutzrecht wie insbesondere dem <a class=\"\" title=\"https:\/\/www.admin.ch\/opc\/de\/classified-compilation\/19920153\/index.html\" href=\"https:\/\/www.admin.ch\/opc\/de\/classified-compilation\/19920153\/index.html\" target=\"_blank\" rel=\"noopener\">Datenschutzgesetz<\/a> (DSG). Die EU anerkennt, dass das schweizerische Datenschutzrecht einen angemessenen Datenschutz gew\u00e4hrleistet.<\/p>\n<p><strong>1. Bearbeitung von Personendaten<\/strong><\/p>\n<p>1.1 <strong>Personendaten<\/strong> sind alle Angaben, die sich auf eine bestimmte oder bestimmbare Person beziehen. Eine <strong>betroffene Person<\/strong> ist eine Person, \u00fcber die Personendaten bearbeitet werden. <strong>Bearbeiten<\/strong> umfasst <em>jeden<\/em> Umgang mit Personendaten, unabh\u00e4ngig von den angewandten Mitteln und Verfahren, insbesondere das Aufbewahren, Bekanntgeben, Beschaffen, L\u00f6schen, Speichern, Ver\u00e4ndern, Vernichten und Verwenden von Personendaten.<\/p>\n<p>1.2 Wir bearbeiten jene Personendaten, die erforderlich sind, um unser Angebot effektiv und nutzerfreundlich sowie dauerhaft, sicher und zuverl\u00e4ssig bereitstellen zu k\u00f6nnen.<\/p>\n<p>1.3 Wir bearbeiten Personendaten grunds\u00e4tzlich nur nach Einwilligung der betroffenen Person, es sei denn, die Bearbeitung ist aus anderen Gr\u00fcnden zul\u00e4ssig, beispielsweise zur Erf\u00fcllung eines Vertrages mit der betroffenen Personen und f\u00fcr entsprechende vorvertragliche Massnahmen, um unsere \u00fcberwiegenden Interessen zu wahren, weil die Bearbeitung aus den Umst\u00e4nden ersichtlich ist oder nach vorg\u00e4ngiger Information. In diesem Rahmen bearbeiten wir insbesondere Angaben, die eine betroffene Person bei der Kontaktaufnahme \u2013 beispielsweise per Briefpost, E-Mail, Kontaktformular, Telefon oder Social Media \u2013 selbst \u00fcbermittelt.<\/p>\n<p>1.4 Wir bearbeiten Personendaten f\u00fcr jene <strong>Dauer<\/strong>, die f\u00fcr den jeweiligen Zweck oder die jeweiligen Zwecke erforderlich ist. Bei l\u00e4nger dauernden Aufbewahrungspflichten aufgrund von\u00a0 gesetzlichen und sonstigen Pflichten, denen wir unterliegen, schr\u00e4nken wir die Bearbeitung entsprechend ein.<\/p>\n<p>1.5 Wir k\u00f6nnen Personendaten durch Dritte \u2013 auch im Ausland \u2013 bearbeiten lassen. Solche <strong>Auftragsbearbeiter<\/strong> bearbeiten Personendaten in unserem Auftrag. Wir k\u00f6nnen Personendaten weiter mit Hilfe von Dritten \u2013 auch im Ausland \u2013 bearbeiten. Wir stellen jeweils sicher, dass solche Dritte einen angemessenen Datenschutz gew\u00e4hrleisten.<\/p>\n<p>1.6 Wir sind auf Social Media-Plattformen und anderen Online-Plattformen pr\u00e4sent, um mit interessierten Personen kommunizieren und \u00fcber unser Angebot informieren zu k\u00f6nnen. Es gelten\u00a0 jeweils die Allgemeinen Gesch\u00e4ftsbedingungen (AGB), Datenschutzerkl\u00e4rungen und sonstigen Bestimmungen der jeweiligen Betreiberinnen und Betreiber.<\/p>\n<p><strong>2. Cookies und Logdateien<br \/>\n<\/strong><\/p>\n<p>2.1 F\u00fcr jeden Besuch auf unserer Website erfassen wir folgende Daten, sofern diese von Ihrem Browser an unsere Server-Infrastruktur \u00fcbermittelt werden, und speichern diese Daten<strong> in Logdateien<\/strong>:<\/p>\n<ul>\n<li>Datum und Zeit einschliesslich Zeitzone<\/li>\n<li>Internet Protocol (IP)-Adresse<\/li>\n<li>Zugriffsstatus (HTTP-Statuscode)<\/li>\n<li>Betriebssystem einschliesslich Benutzeroberfl\u00e4che und Version<\/li>\n<li>Browser einschliesslich Sprache und Version<\/li>\n<li>aufgerufene einzelne Seite und \u00fcbertragene Datenmenge<\/li>\n<li>zuletzt aufgerufene Webseite (Referer)<\/li>\n<\/ul>\n<p>Solche Daten k\u00f6nnen Personendaten darstellen. Die Daten sind erforderlich, um unser Angebot dauerhaft, sicher und zuverl\u00e4ssig bereitstellen sowie um die Datensicherheit und damit insbesondere den Schutz von Personendaten sicherstellen zu k\u00f6nnen \u2013 auch durch Dritte oder mit Hilfe von Dritten.<\/p>\n<p>2.2 Wir verwenden <strong>Cookies<\/strong> auf unserer Website. Bei Cookies \u2013 auch von Dritten, deren Dienste wir nutzen (Third-Party Cookies) \u2013 handelt es sich um Textdateien, die in Ihrem Browser gespeichert werden. Cookies k\u00f6nnen beim Besuch unserer Website in Ihrem Browser gespeichert werden. Cookies erm\u00f6glichen insbesondere, Ihren Browser beim n\u00e4chsten Besuch unserer Website wiederzuerkennen. Cookies k\u00f6nnen keine Programme ausf\u00fchren oder Schadsoftware wie Trojaner und Viren \u00fcbertragen. Cookies sind erforderlich, um unser Angebot einschliesslich unserer Website effektiv und nutzerfreundlich sowie dauerhaft, sicher und zuverl\u00e4ssig bereitstellen zu k\u00f6nnen, insbesondere durch die Analyse der Nutzung im Hinblick auf Fehlerbehebung und Verbesserungen.<\/p>\n<p>Sie k\u00f6nnen Cookies in Ihren Browser-Einstellungen jederzeit ganz oder teilweise deaktivieren sowie l\u00f6schen. Ohne Cookies steht unser Angebot allenfalls nicht mehr in vollem Umfang zur Verf\u00fcgung. Wir informieren \u2013 sofern und soweit erforderlich \u2013 direkt \u00fcber die Verwendung von Cookies oder ersuchen Sie direkt um die Einwilligung von Cookies.<\/p>\n<p><strong>3. Organisatorische und technische Massnahmen<\/strong><\/p>\n<p>3.1 Wir treffen angemessene und geeignete organisatorische und technische Massnahmen um den Datenschutz und die Datensicherheit zu gew\u00e4hrleisten.<\/p>\n<p>3.2 Der Zugriff auf unser Angebot erfolgt mittels Transportverschl\u00fcsselung (SSL \/ TLS).<\/p>\n<p>3.3 Die Bearbeitung von Personendaten im Internet kann trotz angemessenen und geeigneten organisatorischen und technischen Massnahmen immer Sicherheitsl\u00fccken aufweisen. Wir k\u00f6nnen deshalb keine absolute Datensicherheit gew\u00e4hrleisten.<\/p>\n<p>3.4 Der Zugriff auf unser Angebot unterliegt \u2013 wie grunds\u00e4tzlich jede Internet-Nutzung \u2013 der anlasslosen und verdachtsunabh\u00e4ngigen Massen\u00fcberwachung sowie sonstigen \u00dcberwachung durch Sicherheitsbeh\u00f6rden in der Schweiz, in der EU, in den Vereinigten Staaten von Amerika (USA) und in anderen Staaten. Wir k\u00f6nnen keinen direkten Einfluss auf die entsprechende Bearbeitung von Personendaten durch Geheimdienste, Polizeistellen und andere Sicherheitsbeh\u00f6rden nehmen.<\/p>\n<p><strong>4. Benachrichtigungen und Newsletter<\/strong><\/p>\n<p>4.1 Wir k\u00f6nnen Benachrichtigungen und Newsletter per E-Mail sowie \u00fcber andere Kommunikationskan\u00e4le versenden. Sofern und soweit der Versand nicht erforderlich ist, um einen Vertrag mit der betroffenen Person zu erf\u00fcllen oder um unsere \u00fcberwiegenden Interessen zu wahren, m\u00fcssen Sie in die Verwendung Ihrer E-Mail-Adresse und Ihrer sonstigen Kontaktadressen ausdr\u00fccklich einwilligen, damit kein Missbrauch durch unberechtigte Dritte erfolgen kann (\u00abDouble Opt-in\u00bb). Wir k\u00f6nnen Benachrichtigungen und Newsletter durch Dritte versenden lassen oder mit Hilfe von Dritten versenden.<\/p>\n<p>4.2 Benachrichtigungen und Newsletter k\u00f6nnen Z\u00e4hlpixel oder Weblinks enthalten, die erfassen, ob eine einzelne Benachrichtigung oder ein einzelner Newsletter ge\u00f6ffnet wurde und welche Weblinks dabei angeklickt wurden. Solche Z\u00e4hlpixel und Weblinks erfassen die Nutzung von\u00a0 Benachrichtigungen und Newslettern. Wir ben\u00f6tigen diese statistische Erfassung der Nutzung einschliesslich Erfolgs- und Reichweitenmessung, um Benachrichtigungen und Newsletter aufgrund der Lesegewohnheiten der Empf\u00e4ngerinnen und Empf\u00e4nger effektiv und nutzerfreundlich sowie dauerhaft, sicher und zuverl\u00e4ssig anbieten zu k\u00f6nnen.<\/p>\n<p>4.3 Sie k\u00f6nnen sich jederzeit von Benachrichtigungen sowie Newslettern abmelden und dadurch insbesondere der erw\u00e4hnten Erfassung der Nutzung widersprechen.<\/p>\n<p><strong>5. Dienste von Dritten<\/strong><\/p>\n<p>5.1 Wir verwenden Dienste von Dritten \u2013 auch im Ausland einschliesslich den Vereinigten Staaten von Amerika (USA) \u2013, um unser Angebot effektiv und nutzerfreundlich sowie dauerhaft, sicher und zuverl\u00e4ssig bereitstellen zu k\u00f6nnen. Solche Dienste \u2013 unter anderem Hosting-Dienstleister \u2013 ben\u00f6tigen Ihre Internet Protocol (IP)-Adresse, da die entsprechenden Inhalte ansonsten nicht ausgeliefert werden k\u00f6nnen. Solche Dienste k\u00f6nnen \u2013 unter anderem mit Cookies, Logdateien und Z\u00e4hlpixel \u2013 auch weitere Daten im Zusammenhang mit unserem Angebot und in Verbindung mit Informationen aus anderen Quellen f\u00fcr ihre kommerzielle Kommunikation und f\u00fcr ihre statistischen Zwecke bearbeiten.<\/p>\n<p>5.2 Wir verwenden <strong>Google Fonts<\/strong>, um Schriften in unsere Website einbetten k\u00f6nnen. Google Fonts ist ein Dienst der amerikanischen Google LLC. Wir ben\u00f6tigen diesen Dienst, um unser Angebot einschliesslich unserer Website effektiv und nutzerfreundlich sowie dauerhaft, sicher und zuverl\u00e4ssig bereitstellen zu k\u00f6nnen.<\/p>\n<p>Google unterliegt dem schweizerisch-amerikanischen <a class=\"\" title=\"https:\/\/www.privacyshield.gov\/\" href=\"https:\/\/www.privacyshield.gov\/\" target=\"_blank\" rel=\"noopener\">Privacy Shield<\/a>, womit sich Google verpflichtet, einen angemessenen Datenschutz zu gew\u00e4hrleisten. Google hat insbesondere folgende Informationen zu Art, Umfang und Zweck der Datenbearbeitung im Zusammenhang mit Google Fonts ver\u00f6ffentlicht: <a class=\"\" title=\"https:\/\/developers.google.com\/fonts\/faq#what_does_using_the_google_fonts_api_mean_for_the_privacy_of_my_users\" href=\"https:\/\/developers.google.com\/fonts\/faq#what_does_using_the_google_fonts_api_mean_for_the_privacy_of_my_users\" target=\"_blank\" rel=\"noopener\">Datenschutz bei Google Fonts<\/a>, <a class=\"\" title=\"https:\/\/policies.google.com\/\" href=\"https:\/\/policies.google.com\/\" target=\"_blank\" rel=\"noopener\">Datenschutzerkl\u00e4rung und Nutzungsbedingungen<\/a>, <a class=\"\" title=\"https:\/\/www.privacyshield.gov\/participant?id=a2zt000000001L5AAI\" href=\"https:\/\/www.privacyshield.gov\/participant?id=a2zt000000001L5AAI\" target=\"_blank\" rel=\"noopener\">Eintrag in der Privacy Shield-Liste<\/a>.<\/p>\n<p>5.3 Wir verwenden <strong>Google Maps<\/strong>, um Karten in unsere Website einbetten zu k\u00f6nnen. Google Maps ist ein Dienst der amerikanischen Google LLC. Wir ben\u00f6tigen diesen Dienst, um unser Angebot einschliesslich unserer Website effektiv und nutzerfreundlich sowie dauerhaft, sicher und zuverl\u00e4ssig bereitstellen zu k\u00f6nnen.<\/p>\n<p>Google unterliegt dem schweizerisch-amerikanischen <a class=\"\" title=\"https:\/\/www.privacyshield.gov\/\" href=\"https:\/\/www.privacyshield.gov\/\" target=\"_blank\" rel=\"noopener\">Privacy Shield<\/a>, womit sich Google verpflichtet, einen angemessenen Datenschutz zu gew\u00e4hrleisten. Google hat insbesondere folgende Informationen zu Art, Umfang und Zweck der Datenbearbeitung im Zusammenhang mit Google Maps ver\u00f6ffentlicht: <a class=\"\" title=\"https:\/\/policies.google.com\/technologies\/product-privacy\" href=\"https:\/\/policies.google.com\/technologies\/product-privacy\" target=\"_blank\" rel=\"noopener\">Datenschutz bei Google-Produkten einschliesslich Google Maps<\/a>, <a class=\"\" title=\"https:\/\/policies.google.com\/\" href=\"https:\/\/policies.google.com\/\" target=\"_blank\" rel=\"noopener\">Datenschutzerkl\u00e4rung und Nutzungsbedingungen<\/a>, <a class=\"\" title=\"https:\/\/www.privacyshield.gov\/participant?id=a2zt000000001L5AAI\" href=\"https:\/\/www.privacyshield.gov\/participant?id=a2zt000000001L5AAI\" target=\"_blank\" rel=\"noopener\">Eintrag in der Privacy Shield-Liste<\/a>.<\/p>\n<p>5.4 Wir verwenden <strong>YouTube<\/strong>, um Videos in unsere Website einbetten zu k\u00f6nnen. YouTube ist ein Dienst der amerikanischen Google LLC. Wir ben\u00f6tigen diesen Dienst, um unser Angebot einschliesslich unserer Website effektiv und nutzerfreundlich sowie dauerhaft, sicher und zuverl\u00e4ssig bereitstellen zu k\u00f6nnen.<\/p>\n<p>Google unterliegt dem schweizerisch-amerikanischen <a class=\"\" title=\"https:\/\/www.privacyshield.gov\/\" href=\"https:\/\/www.privacyshield.gov\/\" target=\"_blank\" rel=\"noopener\">Privacy Shield<\/a>, womit sich Google verpflichtet, einen angemessenen Datenschutz zu gew\u00e4hrleisten. Google hat insbesondere folgende Informationen zu Art, Umfang und Zweck der Datenbearbeitung im Zusammenhang mit YouTube ver\u00f6ffentlicht: <a class=\"\" title=\"https:\/\/policies.google.com\/technologies\/product-privacy\" href=\"https:\/\/policies.google.com\/technologies\/product-privacy\" target=\"_blank\" rel=\"noopener\">Datenschutz bei Google-Produkten einschliesslich YouTube<\/a>, <a class=\"\" title=\"https:\/\/policies.google.com\/\" href=\"https:\/\/policies.google.com\/\" target=\"_blank\" rel=\"noopener\">Datenschutzerkl\u00e4rung und Nutzungsbedingungen<\/a>, <a class=\"\" title=\"https:\/\/www.privacyshield.gov\/participant?id=a2zt000000001L5AAI\" href=\"https:\/\/www.privacyshield.gov\/participant?id=a2zt000000001L5AAI\" target=\"_blank\" rel=\"noopener\">Eintrag in der Privacy Shield-Liste<\/a>.<\/p>\n<p>5.5 <span class=\"ts-muster-generator-wrap ts-muster-id-thirdparty-googlerecaptcha\"><span class=\"ts-muster-content\">Wir binden die Funktion zur Erkennung von Bots, z.B. bei Eingaben in Onlineformularen <strong>&#8222;ReCaptcha&#8220; des Anbieters Google<\/strong> LLC, 1600 Amphitheatre Parkway, Mountain View, CA 94043, USA, ein. Datenschutzerkl\u00e4rung: <a href=\"https:\/\/www.google.com\/policies\/privacy\/\" target=\"_blank\" rel=\"noopener\">https:\/\/www.google.com\/policies\/privacy\/<\/a>, Opt-Out: <a href=\"https:\/\/adssettings.google.com\/authenticated\" target=\"_blank\" rel=\"noopener\">https:\/\/adssettings.google.com\/authenticated<\/a>.<\/span><\/span><\/p>\n<p><strong>6. Rechte von betroffenen Personen<\/strong><\/p>\n<p>6.1 Betroffene Personen, deren Personendaten wir bearbeiten, verf\u00fcgen \u00fcber die Rechte gem\u00e4ss schweizerischem Datenschutzrecht. Dazu z\u00e4hlen das Recht auf Auskunft sowie das Recht auf Berichtigung, L\u00f6schung oder Sperrung der bearbeiteten Personendaten.<\/p>\n<p>6.2 Aufsichtsbeh\u00f6rde f\u00fcr den Datenschutz in der Schweiz ist der <a class=\"\" title=\"https:\/\/www.edoeb.admin.ch\/\" href=\"https:\/\/www.edoeb.admin.ch\/\" target=\"_blank\" rel=\"noopener\">Eidgen\u00f6ssische Datenschutz- und \u00d6ffentlichkeitsbeauftragte<\/a> (ED\u00d6B).<\/p>\n<p><strong>7. Kontaktadressen und Verantwortung<\/strong><\/p>\n<p>Anfragen von Aufsichtsbeh\u00f6rden und betroffenen Personen erreichen uns in der Regel per E-Mail, sind aber auch per Briefpost m\u00f6glich:<\/p>\n<div class=\"iconbox_content_container \">\n<p><em>Verein 60 plus Riggisberg<br \/>\n<\/em>J\u00f6rg Zenger<strong><br \/>\n<\/strong><br \/>\nPr\u00e4sident ad interim<br \/>\n3132 Riggisberg<\/p>\n<p>079 826 70 10<br \/>\n<a href=\"mailto:rosette.eicher@60plusriggisberg.ch\">rosette.eicher@60plusriggisberg.ch<\/a><\/p>\n<\/div>\n<p>Bei Fragen rund um den Datenschutz im Zusammenhang mit unserem Angebot wenden Sie sich bitte an Rosette Eicher.<\/p>\n<p><strong>8. Schlussbestimmungen<\/strong><\/p>\n<p>Wir k\u00f6nnen unsere Datenschutzerkl\u00e4rung jederzeit \u00e4ndern. Wir informieren betroffene Personen in geeigneter Form auf unserer Website \u00fcber solche \u00c4nderungen.<\/p>\n<\/div>\n<\/div><\/section>\n<\/div><\/div><\/div><!-- close content main div --><\/div><\/div><div id='after_section_1'  class='main_color av_default_container_wrap container_wrap sidebar_right'  ><div class='container av-section-cont-open' ><div class='template-page content  av-content-small alpha units'><div class='post-entry post-entry-type-page post-entry-333'><div class='entry-content-wrapper clearfix'>\n","protected":false},"excerpt":{"rendered":"","protected":false},"author":1,"featured_media":0,"parent":0,"menu_order":0,"comment_status":"closed","ping_status":"closed","template":"","meta":{"footnotes":""},"class_list":["post-333","page","type-page","status-publish","hentry"],"aioseo_notices":[],"_links":{"self":[{"href":"https:\/\/www.60plusriggisberg.ch\/index.php?rest_route=\/wp\/v2\/pages\/333","targetHints":{"allow":["GET"]}}],"collection":[{"href":"https:\/\/www.60plusriggisberg.ch\/index.php?rest_route=\/wp\/v2\/pages"}],"about":[{"href":"https:\/\/www.60plusriggisberg.ch\/index.php?rest_route=\/wp\/v2\/types\/page"}],"author":[{"embeddable":true,"href":"https:\/\/www.60plusriggisberg.ch\/index.php?rest_route=\/wp\/v2\/users\/1"}],"replies":[{"embeddable":true,"href":"https:\/\/www.60plusriggisberg.ch\/index.php?rest_route=%2Fwp%2Fv2%2Fcomments&post=333"}],"version-history":[{"count":39,"href":"https:\/\/www.60plusriggisberg.ch\/index.php?rest_route=\/wp\/v2\/pages\/333\/revisions"}],"predecessor-version":[{"id":7575,"href":"https:\/\/www.60plusriggisberg.ch\/index.php?rest_route=\/wp\/v2\/pages\/333\/revisions\/7575"}],"wp:attachment":[{"href":"https:\/\/www.60plusriggisberg.ch\/index.php?rest_route=%2Fwp%2Fv2%2Fmedia&parent=333"}],"curies":[{"name":"wp","href":"https:\/\/api.w.org\/{rel}","templated":true}]}}