{"id":144,"date":"2015-10-22T15:32:53","date_gmt":"2015-10-22T15:32:53","guid":{"rendered":"http:\/\/test.kriesi.at\/construction\/?page_id=144"},"modified":"2026-02-11T16:43:53","modified_gmt":"2026-02-11T16:43:53","slug":"big-projects","status":"publish","type":"page","link":"https:\/\/www.60plusriggisberg.ch\/?page_id=144","title":{"rendered":"Veranstaltungen"},"content":{"rendered":"<div  class='avia-slideshow av-2oarco-0d6902d5620f753372b63066ecbaf0f5 avia-slideshow-featured av_slideshow avia-fade-slider  avia-builder-el-0  el_before_av_one_full  avia-builder-el-first  av-slideshow-ui av-control-hidden av-no-slider-navigation av-hide-nav-arrows av-slideshow-autoplay av-loop-endless av-loop-manual-endless av-default-height-applied avia-slideshow-1' data-slideshow-options=\"{&quot;animation&quot;:&quot;fade&quot;,&quot;autoplay&quot;:true,&quot;loop_autoplay&quot;:&quot;endless&quot;,&quot;interval&quot;:5,&quot;loop_manual&quot;:&quot;manual-endless&quot;,&quot;autoplay_stopper&quot;:false,&quot;noNavigation&quot;:true,&quot;bg_slider&quot;:false,&quot;keep_padding&quot;:false,&quot;hoverpause&quot;:false,&quot;show_slide_delay&quot;:0}\"  itemprop=\"image\" itemscope=\"itemscope\" itemtype=\"https:\/\/schema.org\/ImageObject\" ><ul class='avia-slideshow-inner ' style='padding-bottom: 28.666666666667%;'><li  class='avia-slideshow-slide av-2oarco-0d6902d5620f753372b63066ecbaf0f5__0  slide-1 slide-odd'><div data-rel='slideshow-1' class='avia-slide-wrap '   ><img decoding=\"async\" fetchpriority=\"high\" class=\"wp-image-2851 avia-img-lazy-loading-not-2851\"  src=\"https:\/\/www.60plusriggisberg.ch\/wp-content\/uploads\/2015\/10\/Veranstaltungen-3-1500x430.jpg\" width=\"1500\" height=\"430\" title='Zuh\u00f6rende an einer Veranstaltung' alt=''  itemprop=\"thumbnailUrl\"   \/><\/div><\/li><li  class='avia-slideshow-slide av-2oarco-0d6902d5620f753372b63066ecbaf0f5__1  slide-2 slide-even'><div data-rel='slideshow-1' class='avia-slide-wrap '   ><img decoding=\"async\" fetchpriority=\"high\" class=\"wp-image-2846 avia-img-lazy-loading-not-2846\"  src=\"https:\/\/www.60plusriggisberg.ch\/wp-content\/uploads\/2015\/10\/Vortr\u00e4ge-2-1500x430.jpg\" width=\"1500\" height=\"430\" title='Beamer' alt=''  itemprop=\"thumbnailUrl\"   \/><\/div><\/li><\/ul><div class='avia-slideshow-arrows avia-slideshow-controls' ><a href='#prev' class='prev-slide ' aria-hidden='true' data-av_icon='\ue87c' data-av_iconfont='entypo-fontello'  tabindex='-1'>Zur\u00fcck<\/a><a href='#next' class='next-slide ' aria-hidden='true' data-av_icon='\ue87d' data-av_iconfont='entypo-fontello'  tabindex='-1'>Weiter<\/a><\/div><\/div>\n\n<style type=\"text\/css\" data-created_by=\"avia_inline_auto\" id=\"style-css-av-25ay2g-743cea8bf3de088f61d76f59f118f635\">\n#top .flex_column.av-25ay2g-743cea8bf3de088f61d76f59f118f635{\nmargin-top:0px;\nmargin-bottom:0px;\n}\n.flex_column.av-25ay2g-743cea8bf3de088f61d76f59f118f635{\nborder-radius:0px 0px 0px 0px;\npadding:0px 0px 0px 0px;\n}\n.responsive #top #wrap_all .flex_column.av-25ay2g-743cea8bf3de088f61d76f59f118f635{\nmargin-top:0px;\nmargin-bottom:0px;\n}\n<\/style>\n<div  class='flex_column av-25ay2g-743cea8bf3de088f61d76f59f118f635 av_one_full  avia-builder-el-1  el_after_av_slideshow  el_before_av_one_full  first flex_column_div av-animated-generic bottom-to-top av-zero-column-padding  '     ><p>\n<style type=\"text\/css\" data-created_by=\"avia_inline_auto\" id=\"style-css-av-1uuhlk-e516dacd422ec756629248e36c2044a3\">\n#top .av-special-heading.av-1uuhlk-e516dacd422ec756629248e36c2044a3{\npadding-bottom:0;\n}\nbody .av-special-heading.av-1uuhlk-e516dacd422ec756629248e36c2044a3 .av-special-heading-tag .heading-char{\nfont-size:25px;\n}\n.av-special-heading.av-1uuhlk-e516dacd422ec756629248e36c2044a3 .av-subheading{\nfont-size:15px;\n}\n<\/style>\n<div  class='av-special-heading av-1uuhlk-e516dacd422ec756629248e36c2044a3 av-special-heading-h2 blockquote modern-quote  avia-builder-el-2  el_before_av_hr  avia-builder-el-first '><h2 class='av-special-heading-tag '  itemprop=\"headline\"  >Veranstaltungen<\/h2><div class=\"special-heading-border\"><div class=\"special-heading-inner-border\"><\/div><\/div><\/div><br \/>\n\n<style type=\"text\/css\" data-created_by=\"avia_inline_auto\" id=\"style-css-av-1pg700-e3a3a204beabd73492cd2718eb1c00bc\">\n#top .hr.av-1pg700-e3a3a204beabd73492cd2718eb1c00bc{\nmargin-top:10px;\nmargin-bottom:10px;\n}\n.hr.av-1pg700-e3a3a204beabd73492cd2718eb1c00bc .hr-inner{\nwidth:50px;\nborder-color:#2b0b28;\n}\n<\/style>\n<div  class='hr av-1pg700-e3a3a204beabd73492cd2718eb1c00bc hr-custom  avia-builder-el-3  el_after_av_heading  avia-builder-el-last  hr-left hr-icon-no'><span class='hr-inner inner-border-av-border-fat'><span class=\"hr-inner-style\"><\/span><\/span><\/div><\/p><\/div>\n\n<style type=\"text\/css\" data-created_by=\"avia_inline_auto\" id=\"style-css-av-1llxdk-6c7bdb41fdf3d55410fc5b85ce45d124\">\n#top .flex_column.av-1llxdk-6c7bdb41fdf3d55410fc5b85ce45d124{\nmargin-top:0px;\nmargin-bottom:0px;\n}\n.flex_column.av-1llxdk-6c7bdb41fdf3d55410fc5b85ce45d124{\nborder-radius:0px 0px 0px 0px;\npadding:0px 0px 0px 0px;\n}\n.responsive #top #wrap_all .flex_column.av-1llxdk-6c7bdb41fdf3d55410fc5b85ce45d124{\nmargin-top:0px;\nmargin-bottom:0px;\n}\n<\/style>\n<div  class='flex_column av-1llxdk-6c7bdb41fdf3d55410fc5b85ce45d124 av_one_full  avia-builder-el-4  el_after_av_one_full  el_before_av_one_full  first flex_column_div av-zero-column-padding  column-top-margin'     ><section  class='av_textblock_section av-1go0a8-4bf264eda3354ee1301fbddcefbc5ab0 '   itemscope=\"itemscope\" itemtype=\"https:\/\/schema.org\/CreativeWork\" ><div class='avia_textblock'  itemprop=\"text\" ><p><span style=\"color: rgba(51, 51, 51, 1); font-size: 14pt;\">Der Vorstand bem\u00fcht sich, Ihnen aktuelle und interessante Vortr\u00e4ge mit verschiedenen Referenten zu organisieren. Im Vordergrund stehen dabei haupts\u00e4chlich Themen \u00fcber Reisen, Gesundheit, Pr\u00e4vention, Sicherheit.<\/span><\/p>\n<p><span style=\"color: rgba(51, 51, 51, 1); font-size: 14pt;\">Nachstehend finden Sie die Ausschreibungen \u00fcber die vorgesehenen Anl\u00e4sse.<\/span><\/p>\n<p><span style=\"color: rgba(51, 51, 51, 1); font-size: 14pt;\">Kontakt: <strong>Thomas Kurmann<\/strong>\u00a0<strong>Tel.<\/strong>\u00a0<strong>031 809 01 78<\/strong>\u00a0<a href=\"mailto:thomas.kurmann@60plusriggisberg.ch\">thomas.kurmann@60plusriggisberg.ch<\/a><\/span><\/p>\n<h4><\/h4>\n<\/div><\/section><\/div>\n\n<style type=\"text\/css\" data-created_by=\"avia_inline_auto\" id=\"style-css-av-1aaryw-494fc7f12b344ed25ec3a310652af977\">\n.flex_column.av-1aaryw-494fc7f12b344ed25ec3a310652af977{\nborder-radius:0px 0px 0px 0px;\npadding:0px 0px 0px 0px;\n}\n<\/style>\n<div  class='flex_column av-1aaryw-494fc7f12b344ed25ec3a310652af977 av_one_full  avia-builder-el-6  el_after_av_one_full  avia-builder-el-last  first flex_column_div av-animated-generic bottom-to-top av-zero-column-padding  column-top-margin'     ><div  class='togglecontainer av-148sqw-72685765fbb78f4a3eb2548cbf5f65f0  avia-builder-el-7  avia-builder-el-no-sibling  toggle_close_all' >\n<section class='av_toggle_section av-fupmw-f222cadd052caa7c54761f332468c9c3'  itemscope=\"itemscope\" itemtype=\"https:\/\/schema.org\/CreativeWork\" ><div role=\"tablist\" class=\"single_toggle\" data-tags=\"{Alle} \"  ><p id='toggle-toggle-id-1' data-fake-id='#toggle-id-1' class='toggler  activeTitle av-title-above '  itemprop=\"headline\"  role='tab' tabindex='0' aria-controls='toggle-id-1' data-slide-speed=\"200\" data-title=\"n\u00e4chste Veranstaltung wird bald publiziert\" data-title-open=\"\" data-aria_collapsed=\"Click to expand: n\u00e4chste Veranstaltung wird bald publiziert\" data-aria_expanded=\"Click to collapse: n\u00e4chste Veranstaltung wird bald publiziert\">n\u00e4chste Veranstaltung wird bald publiziert<span class=\"toggle_icon\"><span class=\"vert_icon\"><\/span><span class=\"hor_icon\"><\/span><\/span><\/p><div id='toggle-id-1' aria-labelledby='toggle-toggle-id-1' role='region' class='toggle_wrap  active_tc av-title-above' style='display:block;' ><div class='toggle_content invers-color '  itemprop=\"text\" ><\/div><\/div><\/div><\/section>\n<\/div><\/div>\n","protected":false},"excerpt":{"rendered":"","protected":false},"author":1,"featured_media":0,"parent":255,"menu_order":0,"comment_status":"closed","ping_status":"closed","template":"","meta":{"footnotes":""},"class_list":["post-144","page","type-page","status-publish","hentry"],"aioseo_notices":[],"_links":{"self":[{"href":"https:\/\/www.60plusriggisberg.ch\/index.php?rest_route=\/wp\/v2\/pages\/144","targetHints":{"allow":["GET"]}}],"collection":[{"href":"https:\/\/www.60plusriggisberg.ch\/index.php?rest_route=\/wp\/v2\/pages"}],"about":[{"href":"https:\/\/www.60plusriggisberg.ch\/index.php?rest_route=\/wp\/v2\/types\/page"}],"author":[{"embeddable":true,"href":"https:\/\/www.60plusriggisberg.ch\/index.php?rest_route=\/wp\/v2\/users\/1"}],"replies":[{"embeddable":true,"href":"https:\/\/www.60plusriggisberg.ch\/index.php?rest_route=%2Fwp%2Fv2%2Fcomments&post=144"}],"version-history":[{"count":113,"href":"https:\/\/www.60plusriggisberg.ch\/index.php?rest_route=\/wp\/v2\/pages\/144\/revisions"}],"predecessor-version":[{"id":7749,"href":"https:\/\/www.60plusriggisberg.ch\/index.php?rest_route=\/wp\/v2\/pages\/144\/revisions\/7749"}],"up":[{"embeddable":true,"href":"https:\/\/www.60plusriggisberg.ch\/index.php?rest_route=\/wp\/v2\/pages\/255"}],"wp:attachment":[{"href":"https:\/\/www.60plusriggisberg.ch\/index.php?rest_route=%2Fwp%2Fv2%2Fmedia&parent=144"}],"curies":[{"name":"wp","href":"https:\/\/api.w.org\/{rel}","templated":true}]}}